ase 12, what is -9 - -13aaa0?
13aa93
In base 12, what is -16210642 + 3?
-1621063b
In base 2, what is 10 + -1110110000101010100000100?
-1110110000101010100000010
In base 9, what is -453448530 + 5?
-453448524
In base 16, what is -32b - -10f1?
dc6
In base 4, what is -31210 + 1001033103?
1001001233
In base 16, what is -7 - 9faffe?
-9fb005
In base 6, what is -4 + -121114534?
-121114542
In base 14, what is -3464cd2 - 3?
-3464cd5
In base 3, what is -1102 + 102100200221?
102100122112
In base 4, what is 10210330220 - 200?
10210330020
In base 11, what is 20978 - -221?
21099
In base 12, what is -7126b11 - -2?
-7126b0b
In base 2, what is -1110 - -1110011001011101100?
1110011001011011110
In base 7, what is 125240 + -1250?
123660
In base 11, what is 0 - -481a2352?
481a2352
In base 10, what is -38411119 - 1?
-38411120
In base 10, what is 196 - 18774?
-18578
In base 2, what is 101101111000001011110100111 + 11?
101101111000001011110101010
In base 5, what is 32403020401 + -4?
32403020342
In base 9, what is -18 - -601885?
601866
In base 15, what is -10 - -48cc187?
48cc177
In base 6, what is -2240 - 24121?
-30401
In base 8, what is -2 - -20563074?
20563072
In base 6, what is 13140241 + -22201?
13114040
In base 10, what is 609269 + -65?
609204
In base 5, what is -20 - 2304024012?
-2304024032
In base 11, what is -26a847 - 7a?
-26a916
In base 15, what is 7 + c087cb?
c087d3
In base 6, what is 4355013053 - -2?
4355013055
In base 11, what is -33 - 20613653?
-20613686
In base 2, what is 100001010111001001000 + 11?
100001010111001001011
In base 16, what is 5346fdd - 8?
5346fd5
In base 16, what is -2 + 6dd683c?
6dd683a
In base 4, what is 1133330223 + 32132?
1200023021
In base 12, what is 4058b892 + 5?
4058b897
In base 6, what is -1215010425 - -4?
-1215010421
In base 14, what is -5b - 4144d1?
-41454c
In base 14, what is 26741 + 8a7?
27208
In base 12, what is -1 - 26628?
-26629
In base 14, what is 2 + -13cbb9c3?
-13cbb9c1
In base 11, what is -3 - 9166606?
-9166609
In base 4, what is -23023110 + 1221?
-23021223
In base 16, what is 2937 + 8e8?
321f
In base 5, what is 441343 + 40001?
1031344
In base 9, what is 3505 - 5130?
-1524
In base 12, what is -10b6488 + -5?
-10b6491
In base 13, what is 192c89 - -7?
192c93
In base 3, what is -1121110220 + 212120120?
-201220100
In base 11, what is -1a + 5182234?
5182215
In base 9, what is 54 - -453365?
453430
In base 6, what is -43 + -12502533?
-12503020
In base 6, what is 2 - -2422530502?
2422530504
In base 14, what is -3c9a - -db?
-3b9d
In base 5, what is -424 - -1003442?
1003013
In base 5, what is 201214 - -220?
201434
In base 3, what is 1 - -210121122100022?
210121122100100
In base 7, what is -344 + -416053?
-416430
In base 4, what is 31 - 120211120200?
-120211120103
In base 13, what is -27267396 - -2?
-27267394
In base 3, what is -110220211122120 + -110?
-110220211200000
In base 3, what is 1120212 + -110200101?
-102002112
In base 16, what is 4 + 4d0a18?
4d0a1c
In base 7, what is 12131243 - 2?
12131241
In base 10, what is 510 + -17037?
-16527
In base 5, what is -34433024332 + 4?
-34433024323
In base 6, what is -1444 + 350415?
344531
In base 14, what is -8429d9 + c?
-8429cb
In base 5, what is -114321 + 30001?
-34320
In base 9, what is -5 - 65244831?
-65244836
In base 8, what is -27 + 6306433?
6306404
In base 6, what is -25250133 - 5451?
-25300024
In base 15, what is 3 + a5a29?
a5a2c
In base 15, what is 988 + -252d?
-1a95
In base 9, what is 4103521 - 163?
4103347
In base 7, what is -5153226 + -25?
-5153254
In base 16, what is 45c73 - -4?
45c77
In base 15, what is -4 - -7216aa4?
7216aa0
In base 11, what is 4 + -4a321852?
-4a321849
In base 15, what is 16ea0e4 - 11?
16ea0d3
In base 2, what is -100101100000010000110 - 0?
-100101100000010000110
In base 5, what is 100033031 + 10331?
100043412
In base 15, what is 3b8 - 2b7c8?
-2b410
In base 3, what is 2220010102 - 120002?
2212120100
In base 6, what is -30332531434 - -1?
-30332531433
In base 9, what is -2737618065 + -1?
-2737618066
In base 4, what is 12102201 + 3313010?
22021211
In base 16, what is -745 - -40c?
-339
In base 3, what is 12 + -1202121020200200?
-1202121020200111
In base 5, what is 12 - -202042412?
202042424
In base 6, what is 305 - 10405230?
-10404521
In base 4, what is 20013133 + -3011320?
11001213
In base 6, what is 2141 + -25300?
-23115
In base 15, what is -5b + -680e1?
-6814c
In base 16, what is 550f6c + a?
550f76
In base 2, what is -100 - -101100010100111001001?
101100010100111000101
In base 13, what is 12c36 + 4a7?
13410
In base 5, what is 203 + 1410310003?
1410310211
In base 12, what is 388959625 + 3?
388959628
In base 13, what is -a8608 + 1493?
-a7145
In base 9, what is 4108210 + -113?
4108086
In base 4, what is 30 - 321331101?
-321331011
In base 15, what is -10d + 49562b?
49551d
In base 2, what is -10 - -101000000010001101100?
101000000010001101010
In base 7, what is -1250665420 - -2?
-1250665415
In base 14, what is 1a88 + c4?
1b6c
In base 11, what is 51aa - -387?
5586
In base 16, what is 60 + 44cac?
44d0c
In base 3, what is 102221 + 10212012?
11022010
In base 15, what is -9a - -1bd78?
1bccd
In base 5, what is -1 - 1121330222344?
-1121330222400
In base 6, what is 1053351520 + 0?
1053351520
In base 11, what is 13 - 82778a8?
-8277895
In base 11, what is -2392 + -62695?
-64a77
In base 11, what is -44232095 + 1?
-44232094
In base 7, what is 221305054 - 4?
221305050
In base 8, what is 2156611 + 1654?
2160465
In base 2, what is -11100 - -10001011001000000010?
10001011000111100110
In base 10, what is -1534322 + -18?
-1534340
In base 12, what is -8bbb25 - 4?
-8bbb29
In base 11, what is 45862 - -19?
45880
In base 2, what is -1111101110101101010 + -101?
-1111101110101101111
In base 4, what is 1031 - -32201301203?
32201302300
In base 12, what is 123470 - -b3?
123563
In base 10, what is -14455 - 131?
-14586
In base 4, what is -3211323311103 - 10?
-3211323311113
In base 12, what is -13 - -172850?
172839
In base 9, what is 15 + -20450121?
-20450105
In base 8, what is 2707411 - 2041?
2705350
In base 11, what is 22 + 847950?
847972
In base 12, what is -43 + 40b50b?
40b488
In base 16, what is 6ed436 + -b?
6ed42b
In base 6, what is 320022 - 100141?
215441
In base 4, what is 21030033232 - 1002?
21030032230
In base 12, what is -178000a - -1?
-1780009
In base 13, what is -a6a5 + 507?
-a19b
In base 14, what is 2613d2 - 1b9?
261217
In base 7, what is -1405 - -23012401?
23010663
In base 14, what is 1cc + 1d3d6?
1d5c4
In base 9, what is -1112651165 + -5?
-1112651171
In base 3, what is 2120 - -20102010112?
20102020002
In base 5, what is -133413143034 + 13?
-133413143021
In base 11, what is 0 + -5622a94?
-5622a94
In base 8, what is 1034 - -671172?
672226
In base 11, what is -a058831 - 0?
-a058831
In base 10, what is -207 + -851295?
-851502
In base 13, what is -4b6 - 1632a7?
-163790
In base 12, what is -3 - 26536088?
-2653608b
In base 4, what is 1222 - 201030321?
-201023033
In base 6, what is 120151455 + 0?
120151455
In base 4, what is -1211 + -20311330002?
-20311331213
In base 2, what is -11100001001001110100001010 + 10000?
-11100001001001110011111010
In base 8, what is 5 - -44041056?
44041063
In base 2, what is 1100101 - -1111100001111?
1111101110100
In base 7, what is 33 + -4230000?
-4226634
In base 10, what is -9162 - -10614?
1452
In base 14, what is 99d - -33a59?
34618
In base 10, what is 1 - 280913738?
-280913737
In base 15, what is 96a16e + 4?
96a173
In base 14, what is 3bd + -141d?
-1040
In base 15, what is -11d + -51a03d?
-51a15b
In base 9, what is 4876 - -105028?
111015
In base 14, what is 6474a4 - 3?
6474a1
In base 14, what is 4b7b + -2172?
2a09
In base 14, what is -1 - -a0740c?
a0740b
In base 11, what is a9 + 22a62?
23060
In base 11, what is -13583 + a8?
-13486
In base 14, what is -997645 - -15?
-997630
In base 8, what is -6 + 5223023?
5223015
In base 16, what is -15fcdc3 + -2?
-15fcdc5
In base 6, what is -1155051 + 250452?
-504155
In base 4, what is 10311113 + -10313?
10300200
In base 3, what is 20012020022021 - -2?
20012020022100
In base 15, what is -1b156 + -43?
-1b199
In base 5, what is 322421232 + -2313?
322413414
In base 13, what is 70 + -c1a16?
-c1976
In base 2, what is -10100110001100101010001 - 11101?
-10100110001100101101110
In base 9, what is 124801 - -537?
125438
In base 